Dec 01 01:14:35.903 INFO testing steadylearner/Rust_Blog against master#8940af3cea4a9a9deabcaf843b2f8cad9a83fc61 for beta-1.31-5
Dec 01 01:14:35.904 INFO running `"docker" "create" "-v" "/mnt/big/crater/work/local/target-dirs/beta-1.31-5/worker-1/master#8940af3cea4a9a9deabcaf843b2f8cad9a83fc61:/target:rw,Z" "-v" "/mnt/big/crater/work/local/test-source/worker-1/beta-1.31-5/master#8940af3cea4a9a9deabcaf843b2f8cad9a83fc61:/source:ro,Z" "-v" "/mnt/big/crater/work/local/cargo-home:/cargo-home:ro,Z" "-v" "/mnt/big/crater/work/local/rustup-home:/rustup-home:ro,Z" "-e" "USER_ID=1000" "-e" "SOURCE_DIR=/source" "-e" "USER_ID=1000" "-e" "CMD=cargo +8940af3cea4a9a9deabcaf843b2f8cad9a83fc61-alt build --frozen" "-e" "CARGO_TARGET_DIR=/target" "-e" "CARGO_INCREMENTAL=0" "-e" "RUST_BACKTRACE=full" "-e" "RUSTFLAGS=--cap-lints=warn" "-e" "CARGO_HOME=/cargo-home" "-e" "RUSTUP_HOME=/rustup-home" "-m" "1536M" "--network" "none" "crater"`
Dec 01 01:14:36.332 INFO [stdout] ca521d34725c62585f790b783c1d2d5e633c06938b1dfc1fbac7cecf7324084f
Dec 01 01:14:36.334 INFO running `"docker" "start" "-a" "ca521d34725c62585f790b783c1d2d5e633c06938b1dfc1fbac7cecf7324084f"`
Dec 01 01:14:38.691 INFO [stderr] usermod: no changes
Dec 01 01:14:39.244 INFO [stderr]    Compiling openssl v0.10.15
Dec 01 01:14:39.244 INFO [stderr]    Compiling unic-char-range v0.7.0
Dec 01 01:14:39.253 INFO [stderr]    Compiling native-tls v0.2.2
Dec 01 01:14:39.253 INFO [stderr]    Compiling unic-common v0.7.0
Dec 01 01:14:39.254 INFO [stderr]    Compiling deunicode v0.4.3
Dec 01 01:14:39.256 INFO [stderr]    Compiling pq-sys v0.4.6
Dec 01 01:14:39.263 INFO [stderr]    Compiling opaque-debug v0.1.1
Dec 01 01:14:39.263 INFO [stderr]    Compiling humansize v1.1.0
Dec 01 01:14:40.116 INFO [stderr]    Compiling pest v0.4.1
Dec 01 01:14:40.256 INFO [stderr]    Compiling pulldown-cmark v0.1.2
Dec 01 01:14:41.179 INFO [stderr]    Compiling termios v0.3.1
Dec 01 01:14:41.875 INFO [stderr]    Compiling pest v2.0.1
Dec 01 01:14:44.160 INFO [stderr]    Compiling unic-ucd-version v0.7.0
Dec 01 01:14:44.162 INFO [stderr]    Compiling unic-char-property v0.7.0
Dec 01 01:14:44.164 INFO [stderr]    Compiling want v0.0.6
Dec 01 01:14:44.186 INFO [stderr]    Compiling pear_codegen v0.0.20
Dec 01 01:14:44.240 INFO [stderr]    Compiling rocket v0.3.17
Dec 01 01:14:44.756 INFO [stderr]    Compiling rocket_codegen v0.3.17
Dec 01 01:14:44.820 INFO [stderr]    Compiling slug v0.1.4
Dec 01 01:14:44.931 INFO [stderr] error: failed to run custom build command for `pear_codegen v0.0.20`
Dec 01 01:14:44.931 INFO [stderr] process didn't exit successfully: `/target/debug/build/pear_codegen-545f8475d142af57/build-script-build` (exit code: 101)
Dec 01 01:14:44.931 INFO [stderr] --- stderr
Dec 01 01:14:44.931 INFO [stderr] [1;31mError:[0m [37mPear requires a nightly or dev version of Rust.[0m
Dec 01 01:14:44.931 INFO [stderr] [37mInstalled version is:[0m [33m1.31.0-beta.20 (2018-11-30)[0m. [37mMinimum required:[0m [33m1.30.0-nightly (2018-08-23)[0m.
Dec 01 01:14:44.931 INFO [stderr] thread 'main' panicked at 'Aborting compilation due to incompatible compiler.', /cargo-home/registry/src/github.com-1ecc6299db9ec823/pear_codegen-0.0.20/build.rs:31:13
Dec 01 01:14:44.932 INFO [stderr] stack backtrace:
Dec 01 01:14:44.932 INFO [stderr]    0:     0x5596b1bd227f - std::sys::unix::backtrace::tracing::imp::unwind_backtrace::h3a8b83e1922cbdde
Dec 01 01:14:44.932 INFO [stderr]                                at libstd/sys/unix/backtrace/tracing/gcc_s.rs:49
Dec 01 01:14:44.932 INFO [stderr]    1:     0x5596b1bddc57 - std::sys_common::backtrace::print::h00d3155a29b4020f
Dec 01 01:14:44.932 INFO [stderr]                                at libstd/sys_common/backtrace.rs:71
Dec 01 01:14:44.932 INFO [stderr]                                at libstd/sys_common/backtrace.rs:59
Dec 01 01:14:44.932 INFO [stderr]    2:     0x5596b1bd6b1f - std::panicking::default_hook::{{closure}}::hd7465c742e79e1bb
Dec 01 01:14:44.932 INFO [stderr]                                at libstd/panicking.rs:211
Dec 01 01:14:44.932 INFO [stderr]    3:     0x5596b1bd6884 - std::panicking::default_hook::h9e3966f2aa2a6e12
Dec 01 01:14:44.932 INFO [stderr]                                at libstd/panicking.rs:227
Dec 01 01:14:44.932 INFO [stderr]    4:     0x5596b1bd714e - std::panicking::rust_panic_with_hook::h587f091ae747d080
Dec 01 01:14:44.932 INFO [stderr]                                at libstd/panicking.rs:476
Dec 01 01:14:44.932 INFO [stderr]    5:     0x5596b1ba8cb3 - std::panicking::begin_panic::h4e3730271beb8b92
Dec 01 01:14:44.932 INFO [stderr]                                at libstd/panicking.rs:410
Dec 01 01:14:44.932 INFO [stderr]    6:     0x5596b1ba6d78 - build_script_build::main::hd397855388fb565b
Dec 01 01:14:44.932 INFO [stderr]                                at /cargo-home/registry/src/github.com-1ecc6299db9ec823/pear_codegen-0.0.20/build.rs:31
Dec 01 01:14:44.932 INFO [stderr]    7:     0x5596b1ba959f - std::rt::lang_start::{{closure}}::h7b3193c265bb446b
Dec 01 01:14:44.932 INFO [stderr]                                at libstd/rt.rs:74
Dec 01 01:14:44.932 INFO [stderr]    8:     0x5596b1bd6bc2 - std::panicking::try::do_call::h52e7f80ff0fdcc45
Dec 01 01:14:44.932 INFO [stderr]                                at libstd/rt.rs:59
Dec 01 01:14:44.932 INFO [stderr]                                at libstd/panicking.rs:310
Dec 01 01:14:44.932 INFO [stderr]    9:     0x5596b1be8c09 - __rust_maybe_catch_panic
Dec 01 01:14:44.932 INFO [stderr]                                at libpanic_unwind/lib.rs:102
Dec 01 01:14:44.932 INFO [stderr]   10:     0x5596b1bc68da - std::rt::lang_start_internal::h38cae898de7f805c
Dec 01 01:14:44.932 INFO [stderr]                                at libstd/panicking.rs:289
Dec 01 01:14:44.932 INFO [stderr]                                at libstd/panic.rs:392
Dec 01 01:14:44.932 INFO [stderr]                                at libstd/rt.rs:58
Dec 01 01:14:44.932 INFO [stderr]   11:     0x5596b1ba9578 - std::rt::lang_start::h40513075cbc2edc4
Dec 01 01:14:44.932 INFO [stderr]                                at libstd/rt.rs:74
Dec 01 01:14:44.932 INFO [stderr]   12:     0x5596b1ba7c49 - main
Dec 01 01:14:44.932 INFO [stderr]   13:     0x7f6207abd82f - __libc_start_main
Dec 01 01:14:44.932 INFO [stderr]   14:     0x5596b1ba6658 - _start
Dec 01 01:14:44.932 INFO [stderr]   15:                0x0 - <unknown>
Dec 01 01:14:44.932 INFO [stderr] 
Dec 01 01:14:44.933 INFO [stderr] warning: build failed, waiting for other jobs to finish...
Dec 01 01:14:44.976 INFO [stderr] error: failed to run custom build command for `rocket v0.3.17`
Dec 01 01:14:44.976 INFO [stderr] process didn't exit successfully: `/target/debug/build/rocket-6877f3be50dcc505/build-script-build` (exit code: 101)
Dec 01 01:14:44.976 INFO [stderr] --- stderr
Dec 01 01:14:44.976 INFO [stderr] [1;31mError:[0m [37mRocket requires a nightly or dev version of Rust.[0m
Dec 01 01:14:44.976 INFO [stderr] [37mInstalled version is:[0m [33m1.31.0-beta.20 (2018-11-30)[0m. [37mMinimum required:[0m [33m1.27.0-nightly (2018-04-26)[0m.
Dec 01 01:14:44.976 INFO [stderr] [34mSee the getting started guide ([0m[37mhttps://rocket.rs/guide/getting-started/[0m[34m) for more information.[0m
Dec 01 01:14:44.976 INFO [stderr] thread 'main' panicked at 'Aborting compilation due to incompatible compiler.', /cargo-home/registry/src/github.com-1ecc6299db9ec823/rocket-0.3.17/build.rs:38:13
Dec 01 01:14:44.976 INFO [stderr] stack backtrace:
Dec 01 01:14:44.976 INFO [stderr]    0:     0x55e04d6174bf - std::sys::unix::backtrace::tracing::imp::unwind_backtrace::h3a8b83e1922cbdde
Dec 01 01:14:44.976 INFO [stderr]                                at libstd/sys/unix/backtrace/tracing/gcc_s.rs:49
Dec 01 01:14:44.976 INFO [stderr]    1:     0x55e04d622e97 - std::sys_common::backtrace::print::h00d3155a29b4020f
Dec 01 01:14:44.976 INFO [stderr]                                at libstd/sys_common/backtrace.rs:71
Dec 01 01:14:44.976 INFO [stderr]                                at libstd/sys_common/backtrace.rs:59
Dec 01 01:14:44.976 INFO [stderr]    2:     0x55e04d61bd5f - std::panicking::default_hook::{{closure}}::hd7465c742e79e1bb
Dec 01 01:14:44.976 INFO [stderr]                                at libstd/panicking.rs:211
Dec 01 01:14:44.976 INFO [stderr]    3:     0x55e04d61bac4 - std::panicking::default_hook::h9e3966f2aa2a6e12
Dec 01 01:14:44.976 INFO [stderr]                                at libstd/panicking.rs:227
Dec 01 01:14:44.976 INFO [stderr]    4:     0x55e04d61c38e - std::panicking::rust_panic_with_hook::h587f091ae747d080
Dec 01 01:14:44.976 INFO [stderr]                                at libstd/panicking.rs:476
Dec 01 01:14:44.976 INFO [stderr]    5:     0x55e04d5edef3 - std::panicking::begin_panic::h23eecaef6526ec18
Dec 01 01:14:44.976 INFO [stderr]                                at libstd/panicking.rs:410
Dec 01 01:14:44.976 INFO [stderr]    6:     0x55e04d5ebfb5 - build_script_build::main::hf4a58592e5df52f0
Dec 01 01:14:44.976 INFO [stderr]                                at /cargo-home/registry/src/github.com-1ecc6299db9ec823/rocket-0.3.17/build.rs:38
Dec 01 01:14:44.976 INFO [stderr]    7:     0x55e04d5ee7df - std::rt::lang_start::{{closure}}::hfed5074a970f8a15
Dec 01 01:14:44.976 INFO [stderr]                                at libstd/rt.rs:74
Dec 01 01:14:44.976 INFO [stderr]    8:     0x55e04d61be02 - std::panicking::try::do_call::h52e7f80ff0fdcc45
Dec 01 01:14:44.976 INFO [stderr]                                at libstd/rt.rs:59
Dec 01 01:14:44.976 INFO [stderr]                                at libstd/panicking.rs:310
Dec 01 01:14:44.976 INFO [stderr]    9:     0x55e04d62de49 - __rust_maybe_catch_panic
Dec 01 01:14:44.976 INFO [stderr]                                at libpanic_unwind/lib.rs:102
Dec 01 01:14:44.976 INFO [stderr]   10:     0x55e04d60bb1a - std::rt::lang_start_internal::h38cae898de7f805c
Dec 01 01:14:44.976 INFO [stderr]                                at libstd/panicking.rs:289
Dec 01 01:14:44.976 INFO [stderr]                                at libstd/panic.rs:392
Dec 01 01:14:44.976 INFO [stderr]                                at libstd/rt.rs:58
Dec 01 01:14:44.976 INFO [stderr]   11:     0x55e04d5ee7b8 - std::rt::lang_start::h646c4981e0fa06cc
Dec 01 01:14:44.976 INFO [stderr]                                at libstd/rt.rs:74
Dec 01 01:14:44.976 INFO [stderr]   12:     0x55e04d5ece89 - main
Dec 01 01:14:44.976 INFO [stderr]   13:     0x7f327529982f - __libc_start_main
Dec 01 01:14:44.976 INFO [stderr]   14:     0x55e04d5eb658 - _start
Dec 01 01:14:44.976 INFO [stderr]   15:                0x0 - <unknown>
Dec 01 01:14:44.976 INFO [stderr] 
Dec 01 01:14:44.977 INFO [stderr] warning: build failed, waiting for other jobs to finish...
Dec 01 01:14:45.316 INFO [stderr] error: failed to run custom build command for `rocket_codegen v0.3.17`
Dec 01 01:14:45.316 INFO [stderr] process didn't exit successfully: `/target/debug/build/rocket_codegen-3a54d251231151b7/build-script-build` (exit code: 101)
Dec 01 01:14:45.316 INFO [stderr] --- stderr
Dec 01 01:14:45.316 INFO [stderr] [1;31mError:[0m [37mRocket requires a nightly or dev version of Rust.[0m
Dec 01 01:14:45.316 INFO [stderr] [37mInstalled version is:[0m [33m1.31.0-beta.20 (2018-11-30)[0m. [37mMinimum required:[0m [33m1.30.0-nightly (2018-08-23)[0m.
Dec 01 01:14:45.316 INFO [stderr] [34mSee the getting started guide ([0m[37mhttps://rocket.rs/guide/getting-started/[0m[34m) for more information.[0m
Dec 01 01:14:45.316 INFO [stderr] thread 'main' panicked at 'Aborting compilation due to incompatible compiler.', /cargo-home/registry/src/github.com-1ecc6299db9ec823/rocket_codegen-0.3.17/build.rs:38:17
Dec 01 01:14:45.316 INFO [stderr] stack backtrace:
Dec 01 01:14:45.316 INFO [stderr]    0:     0x5652c96b84af - std::sys::unix::backtrace::tracing::imp::unwind_backtrace::h3a8b83e1922cbdde
Dec 01 01:14:45.316 INFO [stderr]                                at libstd/sys/unix/backtrace/tracing/gcc_s.rs:49
Dec 01 01:14:45.316 INFO [stderr]    1:     0x5652c96c3e87 - std::sys_common::backtrace::print::h00d3155a29b4020f
Dec 01 01:14:45.316 INFO [stderr]                                at libstd/sys_common/backtrace.rs:71
Dec 01 01:14:45.316 INFO [stderr]                                at libstd/sys_common/backtrace.rs:59
Dec 01 01:14:45.316 INFO [stderr]    2:     0x5652c96bcd4f - std::panicking::default_hook::{{closure}}::hd7465c742e79e1bb
Dec 01 01:14:45.316 INFO [stderr]                                at libstd/panicking.rs:211
Dec 01 01:14:45.316 INFO [stderr]    3:     0x5652c96bcab4 - std::panicking::default_hook::h9e3966f2aa2a6e12
Dec 01 01:14:45.316 INFO [stderr]                                at libstd/panicking.rs:227
Dec 01 01:14:45.316 INFO [stderr]    4:     0x5652c96bd37e - std::panicking::rust_panic_with_hook::h587f091ae747d080
Dec 01 01:14:45.316 INFO [stderr]                                at libstd/panicking.rs:476
Dec 01 01:14:45.316 INFO [stderr]    5:     0x5652c968eee3 - std::panicking::begin_panic::h3cdb33aadd4ba46c
Dec 01 01:14:45.316 INFO [stderr]                                at libstd/panicking.rs:410
Dec 01 01:14:45.316 INFO [stderr]    6:     0x5652c968cfb4 - build_script_build::main::hf707b40a95e32645
Dec 01 01:14:45.316 INFO [stderr]                                at /cargo-home/registry/src/github.com-1ecc6299db9ec823/rocket_codegen-0.3.17/build.rs:38
Dec 01 01:14:45.316 INFO [stderr]    7:     0x5652c968f7cf - std::rt::lang_start::{{closure}}::h6448f073247729bf
Dec 01 01:14:45.316 INFO [stderr]                                at libstd/rt.rs:74
Dec 01 01:14:45.316 INFO [stderr]    8:     0x5652c96bcdf2 - std::panicking::try::do_call::h52e7f80ff0fdcc45
Dec 01 01:14:45.316 INFO [stderr]                                at libstd/rt.rs:59
Dec 01 01:14:45.316 INFO [stderr]                                at libstd/panicking.rs:310
Dec 01 01:14:45.316 INFO [stderr]    9:     0x5652c96cee39 - __rust_maybe_catch_panic
Dec 01 01:14:45.316 INFO [stderr]                                at libpanic_unwind/lib.rs:102
Dec 01 01:14:45.316 INFO [stderr]   10:     0x5652c96acb0a - std::rt::lang_start_internal::h38cae898de7f805c
Dec 01 01:14:45.316 INFO [stderr]                                at libstd/panicking.rs:289
Dec 01 01:14:45.316 INFO [stderr]                                at libstd/panic.rs:392
Dec 01 01:14:45.316 INFO [stderr]                                at libstd/rt.rs:58
Dec 01 01:14:45.316 INFO [stderr]   11:     0x5652c968f7a8 - std::rt::lang_start::h3a7d4f3d64909f8d
Dec 01 01:14:45.316 INFO [stderr]                                at libstd/rt.rs:74
Dec 01 01:14:45.316 INFO [stderr]   12:     0x5652c968de79 - main
Dec 01 01:14:45.316 INFO [stderr]   13:     0x7f87a9d9282f - __libc_start_main
Dec 01 01:14:45.316 INFO [stderr]   14:     0x5652c968c658 - _start
Dec 01 01:14:45.316 INFO [stderr]   15:                0x0 - <unknown>
Dec 01 01:14:45.316 INFO [stderr] 
Dec 01 01:14:45.317 INFO [stderr] warning: build failed, waiting for other jobs to finish...
Dec 01 01:14:48.939 INFO [stderr] error: build failed
Dec 01 01:14:48.942 INFO [stderr] su: No module specific data is present
Dec 01 01:14:49.919 INFO running `"docker" "inspect" "ca521d34725c62585f790b783c1d2d5e633c06938b1dfc1fbac7cecf7324084f"`
Dec 01 01:14:50.226 INFO running `"docker" "rm" "-f" "ca521d34725c62585f790b783c1d2d5e633c06938b1dfc1fbac7cecf7324084f"`
Dec 01 01:14:50.551 INFO [stdout] ca521d34725c62585f790b783c1d2d5e633c06938b1dfc1fbac7cecf7324084f
